{"id":116,"date":"2019-03-07T17:04:07","date_gmt":"2019-03-07T16:04:07","guid":{"rendered":"https:\/\/www.mobilityinstitute.es\/?page_id=116"},"modified":"2019-04-09T11:12:59","modified_gmt":"2019-04-09T09:12:59","slug":"intelligencia-per-al-futur","status":"publish","type":"page","link":"https:\/\/www.mobilityinstitute.es\/ca\/que-fem\/intelligencia-per-al-futur\/","title":{"rendered":"Intel\u00b7lig\u00e8ncia per al futur"},"content":{"rendered":"<div class=\"fusion-fullwidth fullwidth-box fusion-builder-row-1 nonhundred-percent-fullwidth non-hundred-percent-height-scrolling\" style=\"background-color: rgba(255,255,255,0);background-position: center center;background-repeat: no-repeat;padding-top:0px;padding-right:0px;padding-bottom:0px;padding-left:0px;margin-bottom: 80px;margin-top: 0px;border-width: 0px 0px 0px 0px;border-color:#eae9e9;border-style:solid;\" id=\"publicacions\" ><div class=\"fusion-builder-row fusion-row\"><div class=\"fusion-layout-column fusion_builder_column fusion-builder-column-0 fusion_builder_column_1_1 1_1 fusion-one-full fusion-column-first fusion-column-last\" style=\"margin-top:0px;margin-bottom:20px;\"><div class=\"fusion-column-wrapper fusion-flex-column-wrapper-legacy\" style=\"background-position:left top;background-repeat:no-repeat;-webkit-background-size:cover;-moz-background-size:cover;-o-background-size:cover;background-size:cover;padding: 0px 0px 0px 0px;\"><div class=\"fusion-text fusion-text-1\"><p>El Mobility Institute dona acc\u00e9s als documents de coneixement seg\u00fcents, d\u2019\u00fas exclusiu dels associats:<\/p>\n<\/div><div class=\"fusion-clearfix\"><\/div><\/div><\/div><div class=\"fusion-layout-column fusion_builder_column fusion-builder-column-1 fusion_builder_column_1_2 1_2 fusion-one-half fusion-column-first\" style=\"width:48%; margin-right: 4%;margin-top:0px;margin-bottom:0px;\"><div class=\"fusion-column-wrapper fusion-flex-column-wrapper-legacy\" style=\"background-position:left top;background-repeat:no-repeat;-webkit-background-size:cover;-moz-background-size:cover;-o-background-size:cover;background-size:cover;padding: 0px 0px 0px 0px;\"><style type=\"text\/css\"><\/style><div class=\"fusion-title title fusion-title-1 fusion-title-text fusion-title-size-five\" style=\"margin-top:0px;margin-right:0px;margin-bottom:31px;margin-left:0px;\"><h5 class=\"title-heading-left fusion-responsive-typography-calculated\" style=\"margin:0;--fontSize:15;--minFontSize:14pt;line-height:1.5;\"><img decoding=\"async\" class=\"lazyload alignnone size-full wp-image-192\" src=\"data:image\/svg+xml,%3Csvg%20xmlns%3D%27http%3A%2F%2Fwww.w3.org%2F2000%2Fsvg%27%20width%3D%2753%27%20height%3D%2748%27%20viewBox%3D%270%200%2053%2048%27%3E%3Crect%20width%3D%2753%27%20height%3D%2748%27%20fill-opacity%3D%220%22%2F%3E%3C%2Fsvg%3E\" data-orig-src=\"https:\/\/www.mobilityinstitute.es\/wp-content\/uploads\/2019\/03\/ico1.png\" alt=\"\" width=\"53\" height=\"48\" \/> Estudi de tend\u00e8ncies<\/h5><span class=\"awb-title-spacer\"><\/span><div class=\"title-sep-container\"><div class=\"title-sep sep-double sep-solid\" style=\"border-color:#e0dede;\"><\/div><\/div><\/div><div class=\"fusion-text fusion-text-2\"><p>Estudi anual que analitza les darreres tend\u00e8ncies disruptives en l\u2019\u00e0mbit de la mobilitat, el seu impacte en els diferents sectors i els principals moviments empresarials en el mercat de la mobilitat (inversions, adquisicions, aliances, llan\u00e7ament de nous productes i serveis, etc.) a Espanya.<\/p>\n<\/div><style type=\"text\/css\"><\/style><div class=\"fusion-title title fusion-title-2 fusion-title-text fusion-title-size-five\" style=\"margin-top:50px;margin-right:0px;margin-bottom:31px;margin-left:0px;\"><h5 class=\"title-heading-left fusion-responsive-typography-calculated\" style=\"margin:0;--fontSize:15;--minFontSize:14pt;line-height:1.5;\"><img decoding=\"async\" class=\"lazyload alignnone size-full wp-image-195\" src=\"data:image\/svg+xml,%3Csvg%20xmlns%3D%27http%3A%2F%2Fwww.w3.org%2F2000%2Fsvg%27%20width%3D%2753%27%20height%3D%2748%27%20viewBox%3D%270%200%2053%2048%27%3E%3Crect%20width%3D%2753%27%20height%3D%2748%27%20fill-opacity%3D%220%22%2F%3E%3C%2Fsvg%3E\" data-orig-src=\"https:\/\/www.mobilityinstitute.es\/wp-content\/uploads\/2019\/03\/ico3.png\" alt=\"\" width=\"53\" height=\"48\" \/>\u00a0Monografies<\/h5><span class=\"awb-title-spacer\"><\/span><div class=\"title-sep-container\"><div class=\"title-sep sep-double sep-solid\" style=\"border-color:#e0dede;\"><\/div><\/div><\/div><div class=\"fusion-text fusion-text-3\"><p>Recerques tem\u00e0tiques en profunditat de car\u00e0cter quadrimestral i que interpreten amb el m\u00e0xim detall les dades d\u2019un \u00e0mbit espec\u00edfic de la mobilitat (despesa de les fam\u00edlies en transport, el mercat del vehicle el\u00e8ctric, etc.).<\/p>\n<\/div><style type=\"text\/css\"><\/style><div class=\"fusion-title title fusion-title-3 fusion-title-text fusion-title-size-five\" style=\"margin-top:50px;margin-right:0px;margin-bottom:31px;margin-left:0px;\"><h5 class=\"title-heading-left fusion-responsive-typography-calculated\" style=\"margin:0;--fontSize:15;--minFontSize:14pt;line-height:1.5;\"><img decoding=\"async\" class=\"lazyload alignnone size-full wp-image-196\" src=\"data:image\/svg+xml,%3Csvg%20xmlns%3D%27http%3A%2F%2Fwww.w3.org%2F2000%2Fsvg%27%20width%3D%2753%27%20height%3D%2748%27%20viewBox%3D%270%200%2053%2048%27%3E%3Crect%20width%3D%2753%27%20height%3D%2748%27%20fill-opacity%3D%220%22%2F%3E%3C%2Fsvg%3E\" data-orig-src=\"https:\/\/www.mobilityinstitute.es\/wp-content\/uploads\/2019\/03\/ico5.png\" alt=\"\" width=\"53\" height=\"48\" \/>\u00a0InfoMobility<\/h5><span class=\"awb-title-spacer\"><\/span><div class=\"title-sep-container\"><div class=\"title-sep sep-double sep-solid\" style=\"border-color:#e0dede;\"><\/div><\/div><\/div><div class=\"fusion-text fusion-text-4\"><p>Recull mensual d\u2019una selecci\u00f3 mundial de les principals not\u00edcies o novetats de l\u2019\u00e0mbit de la mobilitat.<\/p>\n<\/div><div class=\"fusion-clearfix\"><\/div><\/div><\/div><div class=\"fusion-layout-column fusion_builder_column fusion-builder-column-2 fusion_builder_column_1_2 1_2 fusion-one-half fusion-column-last\" style=\"width:48%;margin-top:0px;margin-bottom:0px;\"><div class=\"fusion-column-wrapper fusion-flex-column-wrapper-legacy\" style=\"background-position:left top;background-repeat:no-repeat;-webkit-background-size:cover;-moz-background-size:cover;-o-background-size:cover;background-size:cover;padding: 0px 0px 0px 0px;\"><style type=\"text\/css\"><\/style><div class=\"fusion-title title fusion-title-4 fusion-title-text fusion-title-size-five\" style=\"margin-top:0px;margin-right:0px;margin-bottom:31px;margin-left:0px;\"><h5 class=\"title-heading-left fusion-responsive-typography-calculated\" style=\"margin:0;--fontSize:15;--minFontSize:14pt;line-height:1.5;\"><img decoding=\"async\" class=\"lazyload alignnone wp-image-193 size-full\" src=\"data:image\/svg+xml,%3Csvg%20xmlns%3D%27http%3A%2F%2Fwww.w3.org%2F2000%2Fsvg%27%20width%3D%2753%27%20height%3D%2748%27%20viewBox%3D%270%200%2053%2048%27%3E%3Crect%20width%3D%2753%27%20height%3D%2748%27%20fill-opacity%3D%220%22%2F%3E%3C%2Fsvg%3E\" data-orig-src=\"https:\/\/www.mobilityinstitute.es\/wp-content\/uploads\/2019\/03\/ico2.png\" alt=\"\" width=\"53\" height=\"48\" \/> Bar\u00f2metre de la mobilitat<\/h5><span class=\"awb-title-spacer\"><\/span><div class=\"title-sep-container\"><div class=\"title-sep sep-double sep-solid\" style=\"border-color:#e0dede;\"><\/div><\/div><\/div><div class=\"fusion-text fusion-text-5\"><p>Estudi quantitatiu anual que analitza i interpreta l\u2019evoluci\u00f3 dels h\u00e0bits i les actituds dels ciutadans respecte a la mobilitat, aix\u00ed com els canvis en l\u2019ecosistema d\u2019oferta de modalitats de transport, la predisposici\u00f3 a nous serveis adjacents, etc. L\u2019estudi, que se centra en les \u00e0rees metropolitanes de Madrid i Barcelona, es nodreix d\u2019una enquesta permanent anual, accessible i descarregable trimestralment per a an\u00e0lisis m\u00e9s detallades.<\/p>\n<\/div><style type=\"text\/css\"><\/style><div class=\"fusion-title title fusion-title-5 fusion-title-text fusion-title-size-five\" style=\"margin-top:50px;margin-right:0px;margin-bottom:31px;margin-left:0px;\"><h5 class=\"title-heading-left fusion-responsive-typography-calculated\" style=\"margin:0;--fontSize:15;--minFontSize:14pt;line-height:1.5;\"><img decoding=\"async\" class=\"lazyload alignnone size-full wp-image-197\" src=\"data:image\/svg+xml,%3Csvg%20xmlns%3D%27http%3A%2F%2Fwww.w3.org%2F2000%2Fsvg%27%20width%3D%2753%27%20height%3D%2748%27%20viewBox%3D%270%200%2053%2048%27%3E%3Crect%20width%3D%2753%27%20height%3D%2748%27%20fill-opacity%3D%220%22%2F%3E%3C%2Fsvg%3E\" data-orig-src=\"https:\/\/www.mobilityinstitute.es\/wp-content\/uploads\/2019\/03\/ico4.png\" alt=\"\" width=\"53\" height=\"48\" \/> InnoFlashes<\/h5><span class=\"awb-title-spacer\"><\/span><div class=\"title-sep-container\"><div class=\"title-sep sep-double sep-solid\" style=\"border-color:#e0dede;\"><\/div><\/div><\/div><div class=\"fusion-text fusion-text-6\"><p>P\u00edndoles de coneixement que es generen trimestralment i que se centren en una tend\u00e8ncia o tecnologia que est\u00e0 irrompent en l\u2019\u00e0mbit de la mobilitat i que requereix un punt de vista expert per entendre-la i per valorar l\u2019abast i la rellev\u00e0ncia del seu futur impacte (el cotxe aut\u00f2nom, la mobilitat com a servei (MaaS), <i>blockchain<\/i> i mobilitat, etc.).<\/p>\n<\/div><div class=\"fusion-clearfix\"><\/div><\/div><\/div><\/div><\/div>\n","protected":false},"excerpt":{"rendered":"","protected":false},"author":1,"featured_media":0,"parent":10,"menu_order":158,"comment_status":"closed","ping_status":"closed","template":"","meta":{"footnotes":""},"yst_prominent_words":[],"class_list":["post-116","page","type-page","status-publish","hentry"],"_links":{"self":[{"href":"https:\/\/www.mobilityinstitute.es\/ca\/wp-json\/wp\/v2\/pages\/116","targetHints":{"allow":["GET"]}}],"collection":[{"href":"https:\/\/www.mobilityinstitute.es\/ca\/wp-json\/wp\/v2\/pages"}],"about":[{"href":"https:\/\/www.mobilityinstitute.es\/ca\/wp-json\/wp\/v2\/types\/page"}],"author":[{"embeddable":true,"href":"https:\/\/www.mobilityinstitute.es\/ca\/wp-json\/wp\/v2\/users\/1"}],"replies":[{"embeddable":true,"href":"https:\/\/www.mobilityinstitute.es\/ca\/wp-json\/wp\/v2\/comments?post=116"}],"version-history":[{"count":0,"href":"https:\/\/www.mobilityinstitute.es\/ca\/wp-json\/wp\/v2\/pages\/116\/revisions"}],"up":[{"embeddable":true,"href":"https:\/\/www.mobilityinstitute.es\/ca\/wp-json\/wp\/v2\/pages\/10"}],"wp:attachment":[{"href":"https:\/\/www.mobilityinstitute.es\/ca\/wp-json\/wp\/v2\/media?parent=116"}],"wp:term":[{"taxonomy":"yst_prominent_words","embeddable":true,"href":"https:\/\/www.mobilityinstitute.es\/ca\/wp-json\/wp\/v2\/yst_prominent_words?post=116"}],"curies":[{"name":"wp","href":"https:\/\/api.w.org\/{rel}","templated":true}]}}

Intel·ligència per al futur

<div class="fusion-fullwidth fullwidth-box fusion-builder-row-1 nonhundred-percent-fullwidth non-hundred-percent-height-scrolling" style="background-color: rgba(255,255,255,0);background-position: center center;background-repeat: no-repeat;padding-top:0px;padding-right:0px;padding-bottom:0px;padding-left:0px;margin-bottom: 80px;margin-top: 0px;border-width: 0px 0px 0px 0px;border-color:#eae9e9;border-style:solid;" id="publicacions" ><div class="fusion-builder-row fusion-row"><div class="fusion-layout-column fusion_builder_column fusion-builder-column-0 fusion_builder_column_1_1 1_1 fusion-one-full fusion-column-first fusion-column-last" style="margin-top:0px;margin-bottom:20px;"><div class="fusion-column-wrapper fusion-flex-column-wrapper-legacy" style="background-position:left top;background-repeat:no-repeat;-webkit-background-size:cover;-moz-background-size:cover;-o-background-size:cover;background-size:cover;padding: 0px 0px 0px 0px;"><div class="fusion-text fusion-text-1"><p>El Mobility Institute dona accés als documents de coneixement següents, d’ús exclusiu dels associats:</p>
</div><div class="fusion-clearfix"></div></div></div><div class="fusion-layout-column fusion_builder_column fusion-builder-column-1 fusion_builder_column_1_2 1_2 fusion-one-half fusion-column-first" style="width:48%; margin-right: 4%;margin-top:0px;margin-bottom:0px;"><div class="fusion-column-wrapper fusion-flex-column-wrapper-legacy" style="background-position:left top;background-repeat:no-repeat;-webkit-background-size:cover;-moz-background-size:cover;-o-background-size:cover;background-size:cover;padding: 0px 0px 0px 0px;"><style type="text/css"></style><div class="fusion-title title fusion-title-1 fusion-title-text fusion-title-size-five" style="margin-top:0px;margin-right:0px;margin-bottom:31px;margin-left:0px;"><h5 class="title-heading-left fusion-responsive-typography-calculated" style="margin:0;--fontSize:15;--minFontSize:14pt;line-height:1.5;"><img decoding="async" class="lazyload alignnone size-full wp-image-192" src="data:image/svg+xml,%3Csvg%20xmlns%3D%27http%3A%2F%2Fwww.w3.org%2F2000%2Fsvg%27%20width%3D%2753%27%20height%3D%2748%27%20viewBox%3D%270%200%2053%2048%27%3E%3Crect%20width%3D%2753%27%20height%3D%2748%27%20fill-opacity%3D%220%22%2F%3E%3C%2Fsvg%3E" data-orig-src="https://www.mobilityinstitute.es/wp-content/uploads/2019/03/ico1.png" alt="" width="53" height="48" /> Estudi de tendències</h5><span class="awb-title-spacer"></span><div class="title-sep-container"><div class="title-sep sep-double sep-solid" style="border-color:#e0dede;"></div></div></div><div class="fusion-text fusion-text-2"><p>Estudi anual que analitza les darreres tendències disruptives en l’àmbit de la mobilitat, el seu impacte en els diferents sectors i els principals moviments empresarials en el mercat de la mobilitat (inversions, adquisicions, aliances, llançament de nous productes i serveis, etc.) a Espanya.</p>
</div><style type="text/css"></style><div class="fusion-title title fusion-title-2 fusion-title-text fusion-title-size-five" style="margin-top:50px;margin-right:0px;margin-bottom:31px;margin-left:0px;"><h5 class="title-heading-left fusion-responsive-typography-calculated" style="margin:0;--fontSize:15;--minFontSize:14pt;line-height:1.5;"><img decoding="async" class="lazyload alignnone size-full wp-image-195" src="data:image/svg+xml,%3Csvg%20xmlns%3D%27http%3A%2F%2Fwww.w3.org%2F2000%2Fsvg%27%20width%3D%2753%27%20height%3D%2748%27%20viewBox%3D%270%200%2053%2048%27%3E%3Crect%20width%3D%2753%27%20height%3D%2748%27%20fill-opacity%3D%220%22%2F%3E%3C%2Fsvg%3E" data-orig-src="https://www.mobilityinstitute.es/wp-content/uploads/2019/03/ico3.png" alt="" width="53" height="48" /> Monografies</h5><span class="awb-title-spacer"></span><div class="title-sep-container"><div class="title-sep sep-double sep-solid" style="border-color:#e0dede;"></div></div></div><div class="fusion-text fusion-text-3"><p>Recerques temàtiques en profunditat de caràcter quadrimestral i que interpreten amb el màxim detall les dades d’un àmbit específic de la mobilitat (despesa de les famílies en transport, el mercat del vehicle elèctric, etc.).</p>
</div><style type="text/css"></style><div class="fusion-title title fusion-title-3 fusion-title-text fusion-title-size-five" style="margin-top:50px;margin-right:0px;margin-bottom:31px;margin-left:0px;"><h5 class="title-heading-left fusion-responsive-typography-calculated" style="margin:0;--fontSize:15;--minFontSize:14pt;line-height:1.5;"><img decoding="async" class="lazyload alignnone size-full wp-image-196" src="data:image/svg+xml,%3Csvg%20xmlns%3D%27http%3A%2F%2Fwww.w3.org%2F2000%2Fsvg%27%20width%3D%2753%27%20height%3D%2748%27%20viewBox%3D%270%200%2053%2048%27%3E%3Crect%20width%3D%2753%27%20height%3D%2748%27%20fill-opacity%3D%220%22%2F%3E%3C%2Fsvg%3E" data-orig-src="https://www.mobilityinstitute.es/wp-content/uploads/2019/03/ico5.png" alt="" width="53" height="48" /> InfoMobility</h5><span class="awb-title-spacer"></span><div class="title-sep-container"><div class="title-sep sep-double sep-solid" style="border-color:#e0dede;"></div></div></div><div class="fusion-text fusion-text-4"><p>Recull mensual d’una selecció mundial de les principals notícies o novetats de l’àmbit de la mobilitat.</p>
</div><div class="fusion-clearfix"></div></div></div><div class="fusion-layout-column fusion_builder_column fusion-builder-column-2 fusion_builder_column_1_2 1_2 fusion-one-half fusion-column-last" style="width:48%;margin-top:0px;margin-bottom:0px;"><div class="fusion-column-wrapper fusion-flex-column-wrapper-legacy" style="background-position:left top;background-repeat:no-repeat;-webkit-background-size:cover;-moz-background-size:cover;-o-background-size:cover;background-size:cover;padding: 0px 0px 0px 0px;"><style type="text/css"></style><div class="fusion-title title fusion-title-4 fusion-title-text fusion-title-size-five" style="margin-top:0px;margin-right:0px;margin-bottom:31px;margin-left:0px;"><h5 class="title-heading-left fusion-responsive-typography-calculated" style="margin:0;--fontSize:15;--minFontSize:14pt;line-height:1.5;"><img decoding="async" class="lazyload alignnone wp-image-193 size-full" src="data:image/svg+xml,%3Csvg%20xmlns%3D%27http%3A%2F%2Fwww.w3.org%2F2000%2Fsvg%27%20width%3D%2753%27%20height%3D%2748%27%20viewBox%3D%270%200%2053%2048%27%3E%3Crect%20width%3D%2753%27%20height%3D%2748%27%20fill-opacity%3D%220%22%2F%3E%3C%2Fsvg%3E" data-orig-src="https://www.mobilityinstitute.es/wp-content/uploads/2019/03/ico2.png" alt="" width="53" height="48" /> Baròmetre de la mobilitat</h5><span class="awb-title-spacer"></span><div class="title-sep-container"><div class="title-sep sep-double sep-solid" style="border-color:#e0dede;"></div></div></div><div class="fusion-text fusion-text-5"><p>Estudi quantitatiu anual que analitza i interpreta l’evolució dels hàbits i les actituds dels ciutadans respecte a la mobilitat, així com els canvis en l’ecosistema d’oferta de modalitats de transport, la predisposició a nous serveis adjacents, etc. L’estudi, que se centra en les àrees metropolitanes de Madrid i Barcelona, es nodreix d’una enquesta permanent anual, accessible i descarregable trimestralment per a anàlisis més detallades.</p>
</div><style type="text/css"></style><div class="fusion-title title fusion-title-5 fusion-title-text fusion-title-size-five" style="margin-top:50px;margin-right:0px;margin-bottom:31px;margin-left:0px;"><h5 class="title-heading-left fusion-responsive-typography-calculated" style="margin:0;--fontSize:15;--minFontSize:14pt;line-height:1.5;"><img decoding="async" class="lazyload alignnone size-full wp-image-197" src="data:image/svg+xml,%3Csvg%20xmlns%3D%27http%3A%2F%2Fwww.w3.org%2F2000%2Fsvg%27%20width%3D%2753%27%20height%3D%2748%27%20viewBox%3D%270%200%2053%2048%27%3E%3Crect%20width%3D%2753%27%20height%3D%2748%27%20fill-opacity%3D%220%22%2F%3E%3C%2Fsvg%3E" data-orig-src="https://www.mobilityinstitute.es/wp-content/uploads/2019/03/ico4.png" alt="" width="53" height="48" /> InnoFlashes</h5><span class="awb-title-spacer"></span><div class="title-sep-container"><div class="title-sep sep-double sep-solid" style="border-color:#e0dede;"></div></div></div><div class="fusion-text fusion-text-6"><p>Píndoles de coneixement que es generen trimestralment i que se centren en una tendència o tecnologia que està irrompent en l’àmbit de la mobilitat i que requereix un punt de vista expert per entendre-la i per valorar l’abast i la rellevància del seu futur impacte (el cotxe autònom, la mobilitat com a servei (MaaS), <i>blockchain</i> i mobilitat, etc.).</p>
</div><div class="fusion-clearfix"></div></div></div></div></div>
