{"id":126,"date":"2019-03-07T17:13:37","date_gmt":"2019-03-07T16:13:37","guid":{"rendered":"https:\/\/www.mobilityinstitute.es\/?page_id=126"},"modified":"2019-05-08T16:37:49","modified_gmt":"2019-05-08T14:37:49","slug":"per-que-ho-fem","status":"publish","type":"page","link":"https:\/\/www.mobilityinstitute.es\/ca\/qui-som\/per-que-ho-fem\/","title":{"rendered":"Per qu\u00e8 ho fem"},"content":{"rendered":"<div class=\"fusion-fullwidth fullwidth-box fusion-builder-row-1 nonhundred-percent-fullwidth non-hundred-percent-height-scrolling\" style=\"background-color: rgba(255,255,255,0);background-position: center center;background-repeat: no-repeat;padding-top:0px;padding-right:0px;padding-bottom:0px;padding-left:0px;margin-bottom: 80px;margin-top: 0px;border-width: 0px 0px 0px 0px;border-color:#eae9e9;border-style:solid;\" ><div class=\"fusion-builder-row fusion-row\"><div class=\"fusion-layout-column fusion_builder_column fusion-builder-column-0 fusion_builder_column_1_1 1_1 fusion-one-full fusion-column-first fusion-column-last\" style=\"margin-top:0px;margin-bottom:0px;\"><div class=\"fusion-column-wrapper fusion-flex-column-wrapper-legacy\" style=\"background-position:left top;background-repeat:no-repeat;-webkit-background-size:cover;-moz-background-size:cover;-o-background-size:cover;background-size:cover;padding: 0px 0px 0px 0px;\"><div class=\"fusion-text fusion-text-1\"><p>El futur de la mobilitat \u00e9s molt m\u00e9s que el moviment de persones i mercaderies d\u2019un punt \u201cA\u201d a un punt \u201cB\u201d.<\/p>\n<p>S\u2019estan produint canvis profunds i estructurals que afecten tots els nivells de la societat:<\/p>\n<ul>\n<li><\/li>\n<li>Les ciutats s\u2019estan convertint progressivament en espais m\u00e9s intel\u00b7ligents.<\/li>\n<li>S\u2019estan introduint noves tecnologies que generen una nova oferta de mobilitat.<\/li>\n<li>Hi ha noves solucions que transformen la usabilitat i el mercat de la mobilitat.<\/li>\n<li>Apareixen noves tend\u00e8ncies que r\u00e0pidament es tornen h\u00e0bits de consum.<\/li>\n<\/ul>\n<p>&#8230; I aquests canvis impacten en tots els sectors:<\/p>\n<\/div><div class=\"fusion-clearfix\"><\/div><\/div><\/div><div class=\"fusion-layout-column fusion_builder_column fusion-builder-column-1 fusion_builder_column_1_2 1_2 fusion-one-half fusion-column-first\" style=\"width:50%;width:calc(50% - ( ( 4% ) * 0.5 ) );margin-right: 4%;margin-top:0px;margin-bottom:20px;\"><div class=\"fusion-column-wrapper fusion-flex-column-wrapper-legacy\" style=\"background-position:left top;background-repeat:no-repeat;-webkit-background-size:cover;-moz-background-size:cover;-o-background-size:cover;background-size:cover;padding: 0px 0px 0px 0px;\"><span class=\" fusion-imageframe imageframe-none imageframe-1 hover-type-none\"><img decoding=\"async\" width=\"408\" height=\"381\" title=\"mobility_porque\" src=\"https:\/\/www.mobilityinstitute.es\/wp-content\/uploads\/2019\/03\/mobility_porque.jpg\" data-orig-src=\"https:\/\/www.mobilityinstitute.es\/wp-content\/uploads\/2019\/03\/mobility_porque.jpg\" alt class=\"lazyload img-responsive wp-image-127\" srcset=\"data:image\/svg+xml,%3Csvg%20xmlns%3D%27http%3A%2F%2Fwww.w3.org%2F2000%2Fsvg%27%20width%3D%27408%27%20height%3D%27381%27%20viewBox%3D%270%200%20408%20381%27%3E%3Crect%20width%3D%27408%27%20height%3D%27381%27%20fill-opacity%3D%220%22%2F%3E%3C%2Fsvg%3E\" data-srcset=\"https:\/\/www.mobilityinstitute.es\/wp-content\/uploads\/2019\/03\/mobility_porque-200x187.jpg 200w, https:\/\/www.mobilityinstitute.es\/wp-content\/uploads\/2019\/03\/mobility_porque-400x374.jpg 400w, https:\/\/www.mobilityinstitute.es\/wp-content\/uploads\/2019\/03\/mobility_porque.jpg 408w\" data-sizes=\"auto\" data-orig-sizes=\"(max-width: 800px) 100vw, 408px\" \/><\/span><div class=\"fusion-clearfix\"><\/div><\/div><\/div><div class=\"fusion-layout-column fusion_builder_column fusion-builder-column-2 fusion_builder_column_1_2 1_2 fusion-one-half fusion-column-last\" style=\"width:50%;width:calc(50% - ( ( 4% ) * 0.5 ) );margin-top:0px;margin-bottom:20px;\"><div class=\"fusion-column-wrapper fusion-flex-column-wrapper-legacy\" style=\"background-position:left top;background-repeat:no-repeat;-webkit-background-size:cover;-moz-background-size:cover;-o-background-size:cover;background-size:cover;padding: 150px 0px 0px 0px;\"><div class=\"fusion-text fusion-text-2\"><p><b>Mobility Institute t\u00e9 la vocaci\u00f3 d\u2019ajudar a prendre decisions en aquest entorn d\u2019alta complexitat i d\u2019aportar una visi\u00f3 experta sobre aquesta incertesa.<\/b><\/p>\n<\/div><div class=\"fusion-clearfix\"><\/div><\/div><\/div><\/div><\/div>\n","protected":false},"excerpt":{"rendered":"","protected":false},"author":1,"featured_media":0,"parent":8,"menu_order":178,"comment_status":"closed","ping_status":"closed","template":"","meta":{"footnotes":""},"yst_prominent_words":[],"class_list":["post-126","page","type-page","status-publish","hentry"],"_links":{"self":[{"href":"https:\/\/www.mobilityinstitute.es\/ca\/wp-json\/wp\/v2\/pages\/126","targetHints":{"allow":["GET"]}}],"collection":[{"href":"https:\/\/www.mobilityinstitute.es\/ca\/wp-json\/wp\/v2\/pages"}],"about":[{"href":"https:\/\/www.mobilityinstitute.es\/ca\/wp-json\/wp\/v2\/types\/page"}],"author":[{"embeddable":true,"href":"https:\/\/www.mobilityinstitute.es\/ca\/wp-json\/wp\/v2\/users\/1"}],"replies":[{"embeddable":true,"href":"https:\/\/www.mobilityinstitute.es\/ca\/wp-json\/wp\/v2\/comments?post=126"}],"version-history":[{"count":0,"href":"https:\/\/www.mobilityinstitute.es\/ca\/wp-json\/wp\/v2\/pages\/126\/revisions"}],"up":[{"embeddable":true,"href":"https:\/\/www.mobilityinstitute.es\/ca\/wp-json\/wp\/v2\/pages\/8"}],"wp:attachment":[{"href":"https:\/\/www.mobilityinstitute.es\/ca\/wp-json\/wp\/v2\/media?parent=126"}],"wp:term":[{"taxonomy":"yst_prominent_words","embeddable":true,"href":"https:\/\/www.mobilityinstitute.es\/ca\/wp-json\/wp\/v2\/yst_prominent_words?post=126"}],"curies":[{"name":"wp","href":"https:\/\/api.w.org\/{rel}","templated":true}]}}

Per què ho fem

<div class="fusion-fullwidth fullwidth-box fusion-builder-row-1 nonhundred-percent-fullwidth non-hundred-percent-height-scrolling" style="background-color: rgba(255,255,255,0);background-position: center center;background-repeat: no-repeat;padding-top:0px;padding-right:0px;padding-bottom:0px;padding-left:0px;margin-bottom: 80px;margin-top: 0px;border-width: 0px 0px 0px 0px;border-color:#eae9e9;border-style:solid;" ><div class="fusion-builder-row fusion-row"><div class="fusion-layout-column fusion_builder_column fusion-builder-column-0 fusion_builder_column_1_1 1_1 fusion-one-full fusion-column-first fusion-column-last" style="margin-top:0px;margin-bottom:0px;"><div class="fusion-column-wrapper fusion-flex-column-wrapper-legacy" style="background-position:left top;background-repeat:no-repeat;-webkit-background-size:cover;-moz-background-size:cover;-o-background-size:cover;background-size:cover;padding: 0px 0px 0px 0px;"><div class="fusion-text fusion-text-1"><p>El futur de la mobilitat és molt més que el moviment de persones i mercaderies d’un punt “A” a un punt “B”.</p>
<p>S’estan produint canvis profunds i estructurals que afecten tots els nivells de la societat:</p>
<ul>
<li></li>
<li>Les ciutats s’estan convertint progressivament en espais més intel·ligents.</li>
<li>S’estan introduint noves tecnologies que generen una nova oferta de mobilitat.</li>
<li>Hi ha noves solucions que transformen la usabilitat i el mercat de la mobilitat.</li>
<li>Apareixen noves tendències que ràpidament es tornen hàbits de consum.</li>
</ul>
<p>&#8230; I aquests canvis impacten en tots els sectors:</p>
</div><div class="fusion-clearfix"></div></div></div><div class="fusion-layout-column fusion_builder_column fusion-builder-column-1 fusion_builder_column_1_2 1_2 fusion-one-half fusion-column-first" style="width:50%;width:calc(50% - ( ( 4% ) * 0.5 ) );margin-right: 4%;margin-top:0px;margin-bottom:20px;"><div class="fusion-column-wrapper fusion-flex-column-wrapper-legacy" style="background-position:left top;background-repeat:no-repeat;-webkit-background-size:cover;-moz-background-size:cover;-o-background-size:cover;background-size:cover;padding: 0px 0px 0px 0px;"><span class=" fusion-imageframe imageframe-none imageframe-1 hover-type-none"><img decoding="async" width="408" height="381" title="mobility_porque" src="https://www.mobilityinstitute.es/wp-content/uploads/2019/03/mobility_porque.jpg" data-orig-src="https://www.mobilityinstitute.es/wp-content/uploads/2019/03/mobility_porque.jpg" alt class="lazyload img-responsive wp-image-127" srcset="data:image/svg+xml,%3Csvg%20xmlns%3D%27http%3A%2F%2Fwww.w3.org%2F2000%2Fsvg%27%20width%3D%27408%27%20height%3D%27381%27%20viewBox%3D%270%200%20408%20381%27%3E%3Crect%20width%3D%27408%27%20height%3D%27381%27%20fill-opacity%3D%220%22%2F%3E%3C%2Fsvg%3E" data-srcset="https://www.mobilityinstitute.es/wp-content/uploads/2019/03/mobility_porque-200x187.jpg 200w, https://www.mobilityinstitute.es/wp-content/uploads/2019/03/mobility_porque-400x374.jpg 400w, https://www.mobilityinstitute.es/wp-content/uploads/2019/03/mobility_porque.jpg 408w" data-sizes="auto" data-orig-sizes="(max-width: 800px) 100vw, 408px" /></span><div class="fusion-clearfix"></div></div></div><div class="fusion-layout-column fusion_builder_column fusion-builder-column-2 fusion_builder_column_1_2 1_2 fusion-one-half fusion-column-last" style="width:50%;width:calc(50% - ( ( 4% ) * 0.5 ) );margin-top:0px;margin-bottom:20px;"><div class="fusion-column-wrapper fusion-flex-column-wrapper-legacy" style="background-position:left top;background-repeat:no-repeat;-webkit-background-size:cover;-moz-background-size:cover;-o-background-size:cover;background-size:cover;padding: 150px 0px 0px 0px;"><div class="fusion-text fusion-text-2"><p><b>Mobility Institute té la vocació d’ajudar a prendre decisions en aquest entorn d’alta complexitat i d’aportar una visió experta sobre aquesta incertesa.</b></p>
</div><div class="fusion-clearfix"></div></div></div></div></div>
